{"id":128,"date":"2017-09-27T13:18:58","date_gmt":"2017-09-27T13:18:58","guid":{"rendered":"https:\/\/www.grupojcn.com.br\/jcn\/?page_id=128"},"modified":"2020-05-22T10:59:07","modified_gmt":"2020-05-22T13:59:07","slug":"jcn-sustentavel","status":"publish","type":"page","link":"https:\/\/www.grupojcn.com.br\/jcn\/jcn-sustentavel\/","title":{"rendered":"JCN Sustent\u00e1vel"},"content":{"rendered":"<p><a href=\"https:\/\/www.grupojcn.com.br\/jcn\/wp-content\/uploads\/2017\/09\/Logo-Fundo-Transparente.png\"><img loading=\"lazy\" decoding=\"async\" class=\"  wp-image-138 alignleft\" src=\"https:\/\/www.grupojcn.com.br\/jcn\/wp-content\/uploads\/2017\/09\/Logo-Fundo-Transparente-300x195.png\" alt=\"JCN Sustent\u00e1vel\" width=\"269\" height=\"175\" srcset=\"https:\/\/www.grupojcn.com.br\/jcn\/wp-content\/uploads\/2017\/09\/Logo-Fundo-Transparente-300x195.png 300w, https:\/\/www.grupojcn.com.br\/jcn\/wp-content\/uploads\/2017\/09\/Logo-Fundo-Transparente-1024x666.png 1024w\" sizes=\"(max-width: 269px) 100vw, 269px\" \/><\/a><\/p>\n<p>\u00a0<\/p>\n<p style=\"text-align: justify;\">O Grupo JCN, em respeito \u00e0s normas ambientais vigentes e compromissado com o desenvolvimento sustent\u00e1vel, desenvolveu um Sistema de Gest\u00e3o Ambiental denominado \u201cJCN Sustent\u00e1vel\u201d, com in\u00edcio a partir do dia 10 de abril de 2017. Este sistema empreende as melhores pr\u00e1ticas ambientais a serem observadas em todas as unidades produtivas.<\/p>\n<p style=\"text-align: justify;\">\u00a0O \u201cJCN Sustent\u00e1vel\u201d traz consigo um novo olhar do Grupo em rela\u00e7\u00e3o \u00e0s quest\u00f5es socioambientais, superando as conting\u00eancias para alcan\u00e7ar um modelo de gest\u00e3o que seja refer\u00eancia no mercado nacional e que entregue a sociedade produtos com valor ambiental agregado.<\/p>\n\n\n<figure class=\"wp-block-gallery columns-3 is-cropped wp-block-gallery-1 is-layout-flex wp-block-gallery-is-layout-flex\"><ul class=\"blocks-gallery-grid\"><li class=\"blocks-gallery-item\"><figure><img loading=\"lazy\" decoding=\"async\" width=\"1024\" height=\"768\" src=\"https:\/\/www.grupojcn.com.br\/jcn\/wp-content\/uploads\/2020\/05\/viveiro04-1024x768.jpg\" alt=\"\" data-id=\"318\" data-full-url=\"https:\/\/www.grupojcn.com.br\/jcn\/wp-content\/uploads\/2020\/05\/viveiro04.jpg\" data-link=\"https:\/\/www.grupojcn.com.br\/jcn\/?attachment_id=318\" class=\"wp-image-318\" srcset=\"https:\/\/www.grupojcn.com.br\/jcn\/wp-content\/uploads\/2020\/05\/viveiro04-1024x768.jpg 1024w, https:\/\/www.grupojcn.com.br\/jcn\/wp-content\/uploads\/2020\/05\/viveiro04-300x225.jpg 300w, https:\/\/www.grupojcn.com.br\/jcn\/wp-content\/uploads\/2020\/05\/viveiro04-768x576.jpg 768w, https:\/\/www.grupojcn.com.br\/jcn\/wp-content\/uploads\/2020\/05\/viveiro04-285x214.jpg 285w, https:\/\/www.grupojcn.com.br\/jcn\/wp-content\/uploads\/2020\/05\/viveiro04.jpg 1280w\" sizes=\"(max-width: 1024px) 100vw, 1024px\" \/><\/figure><\/li><li class=\"blocks-gallery-item\"><figure><img loading=\"lazy\" decoding=\"async\" width=\"768\" height=\"1024\" src=\"https:\/\/www.grupojcn.com.br\/jcn\/wp-content\/uploads\/2020\/05\/viveiro05-768x1024.jpg\" alt=\"\" data-id=\"319\" data-full-url=\"https:\/\/www.grupojcn.com.br\/jcn\/wp-content\/uploads\/2020\/05\/viveiro05.jpg\" data-link=\"https:\/\/www.grupojcn.com.br\/jcn\/?attachment_id=319\" class=\"wp-image-319\" srcset=\"https:\/\/www.grupojcn.com.br\/jcn\/wp-content\/uploads\/2020\/05\/viveiro05-768x1024.jpg 768w, https:\/\/www.grupojcn.com.br\/jcn\/wp-content\/uploads\/2020\/05\/viveiro05-225x300.jpg 225w, https:\/\/www.grupojcn.com.br\/jcn\/wp-content\/uploads\/2020\/05\/viveiro05.jpg 960w\" sizes=\"(max-width: 768px) 100vw, 768px\" \/><\/figure><\/li><li class=\"blocks-gallery-item\"><figure><img loading=\"lazy\" decoding=\"async\" width=\"1024\" height=\"768\" src=\"https:\/\/www.grupojcn.com.br\/jcn\/wp-content\/uploads\/2020\/05\/viveiro01-1024x768.jpg\" alt=\"\" data-id=\"315\" data-full-url=\"https:\/\/www.grupojcn.com.br\/jcn\/wp-content\/uploads\/2020\/05\/viveiro01.jpg\" data-link=\"https:\/\/www.grupojcn.com.br\/jcn\/?attachment_id=315\" class=\"wp-image-315\" srcset=\"https:\/\/www.grupojcn.com.br\/jcn\/wp-content\/uploads\/2020\/05\/viveiro01-1024x768.jpg 1024w, https:\/\/www.grupojcn.com.br\/jcn\/wp-content\/uploads\/2020\/05\/viveiro01-300x225.jpg 300w, https:\/\/www.grupojcn.com.br\/jcn\/wp-content\/uploads\/2020\/05\/viveiro01-768x576.jpg 768w, https:\/\/www.grupojcn.com.br\/jcn\/wp-content\/uploads\/2020\/05\/viveiro01-285x214.jpg 285w, https:\/\/www.grupojcn.com.br\/jcn\/wp-content\/uploads\/2020\/05\/viveiro01.jpg 1280w\" sizes=\"(max-width: 1024px) 100vw, 1024px\" \/><\/figure><\/li><\/ul><\/figure>\n\n\n\n<p><strong>Objetivos<\/strong><\/p>\n\n\n\n<p>O sistema \u201cJCN SUSTENT\u00c1VEL\u201d \u00e9 calcado em princ\u00edpios e diretrizes destacados em sua Pol\u00edtica Ambiental, que permitiram, no curto prazo, a implanta\u00e7\u00e3o de um comit\u00ea de sustentabilidade na empresa, que monitora e acompanha a implanta\u00e7\u00e3o da pol\u00edtica ambiental em todos os setores, bem como, a obten\u00e7\u00e3o de certifica\u00e7\u00f5es de regularidade ambiental.<\/p>\n\n\n\n<p>A m\u00e9dio prazo, o sistema visa identificar, em cada uma das unidades produtivas, os aspectos e os impactos ambientais e adequar toda a atividade econ\u00f4mica exercida, aos preceitos legais vigentes, conquistando, ainda mais, o reconhecimento do mercado sobre o valor ambiental agregado aos nossos produtos.<\/p>\n\n\n\n<p><strong>Gerenciamento<\/strong><\/p>\n\n\n\n<p>O sistema \u201cJCN Sustent\u00e1vel\u201d \u00e9 gerenciado pelo Comit\u00ea de Sustentabilidade do Grupo JCN, com o apoio da diretoria e do setor jur\u00eddico.<br>Este setor estipula, a cada trinta dias, organogramas e procedimentos para identifica\u00e7\u00e3o, avalia\u00e7\u00e3o, gerenciamento e mitiga\u00e7\u00e3o dos riscos ambientais das atividades exercidas pelo Grupo.<\/p>\n\n\n\n<div class=\"wp-block-image is-style-default\"><figure class=\"aligncenter size-large\"><img loading=\"lazy\" decoding=\"async\" width=\"1024\" height=\"768\" src=\"https:\/\/www.grupojcn.com.br\/jcn\/wp-content\/uploads\/2020\/05\/viveiro06-1024x768.jpg\" alt=\"\" class=\"wp-image-320\" srcset=\"https:\/\/www.grupojcn.com.br\/jcn\/wp-content\/uploads\/2020\/05\/viveiro06-1024x768.jpg 1024w, https:\/\/www.grupojcn.com.br\/jcn\/wp-content\/uploads\/2020\/05\/viveiro06-300x225.jpg 300w, https:\/\/www.grupojcn.com.br\/jcn\/wp-content\/uploads\/2020\/05\/viveiro06-768x576.jpg 768w, https:\/\/www.grupojcn.com.br\/jcn\/wp-content\/uploads\/2020\/05\/viveiro06-285x214.jpg 285w, https:\/\/www.grupojcn.com.br\/jcn\/wp-content\/uploads\/2020\/05\/viveiro06.jpg 1280w\" sizes=\"(max-width: 1024px) 100vw, 1024px\" \/><figcaption>Viveiro de mudas &#8211; Grupo JCN<\/figcaption><\/figure><\/div>\n","protected":false},"excerpt":{"rendered":"<p>\u00a0 O Grupo JCN, em respeito \u00e0s normas ambientais vigentes e compromissado com o desenvolvimento sustent\u00e1vel, desenvolveu um Sistema de Gest\u00e3o Ambiental denominado \u201cJCN Sustent\u00e1vel\u201d, com in\u00edcio a partir do dia 10 de abril de 2017. Este sistema empreende as melhores pr\u00e1ticas ambientais a serem observadas em todas as unidades produtivas. \u00a0O \u201cJCN Sustent\u00e1vel\u201d traz<a href=\"https:\/\/www.grupojcn.com.br\/jcn\/jcn-sustentavel\/\">[&#8230;]<\/a><\/p>\n","protected":false},"author":2,"featured_media":0,"parent":0,"menu_order":0,"comment_status":"open","ping_status":"closed","template":"","meta":{"footnotes":""},"_links":{"self":[{"href":"https:\/\/www.grupojcn.com.br\/jcn\/wp-json\/wp\/v2\/pages\/128"}],"collection":[{"href":"https:\/\/www.grupojcn.com.br\/jcn\/wp-json\/wp\/v2\/pages"}],"about":[{"href":"https:\/\/www.grupojcn.com.br\/jcn\/wp-json\/wp\/v2\/types\/page"}],"author":[{"embeddable":true,"href":"https:\/\/www.grupojcn.com.br\/jcn\/wp-json\/wp\/v2\/users\/2"}],"replies":[{"embeddable":true,"href":"https:\/\/www.grupojcn.com.br\/jcn\/wp-json\/wp\/v2\/comments?post=128"}],"version-history":[{"count":6,"href":"https:\/\/www.grupojcn.com.br\/jcn\/wp-json\/wp\/v2\/pages\/128\/revisions"}],"predecessor-version":[{"id":325,"href":"https:\/\/www.grupojcn.com.br\/jcn\/wp-json\/wp\/v2\/pages\/128\/revisions\/325"}],"wp:attachment":[{"href":"https:\/\/www.grupojcn.com.br\/jcn\/wp-json\/wp\/v2\/media?parent=128"}],"curies":[{"name":"wp","href":"https:\/\/api.w.org\/{rel}","templated":true}]}}