{"id":39,"date":"2015-08-17T21:19:28","date_gmt":"2015-08-17T21:19:28","guid":{"rendered":"https:\/\/www.grupojcn.com.br\/jcn\/?page_id=39"},"modified":"2017-09-27T13:36:28","modified_gmt":"2017-09-27T13:36:28","slug":"quem-somos","status":"publish","type":"page","link":"https:\/\/www.grupojcn.com.br\/jcn\/quem-somos\/","title":{"rendered":"Quem Somos"},"content":{"rendered":"<p style=\"text-align: left;\">Desde sua cria\u00e7\u00e3o, o Grupo JCN baseia seus neg\u00f3cios no princ\u00edpio de que &#8220;agir com integridade e responsabilidade \u00e9 o nosso compromisso&#8221;. O nosso compromisso \u00e9 o de alimentar o mundo de forma respons\u00e1vel, reduzindo nosso impacto ambiental e melhorando as comunidades em que vivemos e trabalhamos. \u00c9 com paix\u00e3o que perseguimos o objetivo por meio de uma atua\u00e7\u00e3o respons\u00e1vel nos mercados agr\u00edcola, de alimentos, industrial e financeiro.<\/p>\n<p style=\"text-align: center;\"><iframe loading=\"lazy\"  id=\"_ytid_23135\"  width=\"640\" height=\"360\"  data-origwidth=\"640\" data-origheight=\"360\" src=\"https:\/\/www.youtube.com\/embed\/SlqnmA6GD6Y?enablejsapi=1&autoplay=0&cc_load_policy=0&cc_lang_pref=&iv_load_policy=1&loop=0&modestbranding=0&rel=1&fs=1&playsinline=0&autohide=2&theme=dark&color=red&controls=1&\" class=\"__youtube_prefs__  no-lazyload\" title=\"YouTube player\"  allow=\"fullscreen; accelerometer; autoplay; clipboard-write; encrypted-media; gyroscope; picture-in-picture\" allowfullscreen data-no-lazy=\"1\" data-skipgform_ajax_framebjll=\"\"><\/iframe><\/p>\n<p style=\"text-align: justify;\">O nosso mundo enfrenta desafios complexos e a amplitude do nosso neg\u00f3cio proporciona-nos uma perspetiva inigual\u00e1vel, que por sua vez implica em responsabilidade. Estamos empenhados em alimentar a crescente popula\u00e7\u00e3o mundial, protegendo simultaneamente o planeta. Continuamos a descobrir novos meios de ajudar os agricultores a produzir mais alimentos de forma sustent\u00e1vel e a desenvolver m\u00e9todos mais eficientes de transferir alimentos de momentos e locais com excesso de produ\u00e7\u00e3o para momentos e locais com d\u00e9fice de produ\u00e7\u00e3o. Sabemos que, por meio do talento e convic\u00e7\u00e3o dos nossos funcion\u00e1rios, podemos contribuir para enfrentar um importante desafio: garantir que todas as pessoas tenham acesso a alimentos seguros e nutritivos, a um pre\u00e7o razo\u00e1vel.<\/p>\n","protected":false},"excerpt":{"rendered":"<p>Desde sua cria\u00e7\u00e3o, o Grupo JCN baseia seus neg\u00f3cios no princ\u00edpio de que &#8220;agir com integridade e responsabilidade \u00e9 o nosso compromisso&#8221;. O nosso compromisso \u00e9 o de alimentar o mundo de forma respons\u00e1vel, reduzindo nosso impacto ambiental e melhorando as comunidades em que vivemos e trabalhamos. \u00c9 com paix\u00e3o que perseguimos o objetivo por<a href=\"https:\/\/www.grupojcn.com.br\/jcn\/quem-somos\/\">[&#8230;]<\/a><\/p>\n","protected":false},"author":2,"featured_media":0,"parent":0,"menu_order":0,"comment_status":"open","ping_status":"closed","template":"","meta":{"footnotes":""},"_links":{"self":[{"href":"https:\/\/www.grupojcn.com.br\/jcn\/wp-json\/wp\/v2\/pages\/39"}],"collection":[{"href":"https:\/\/www.grupojcn.com.br\/jcn\/wp-json\/wp\/v2\/pages"}],"about":[{"href":"https:\/\/www.grupojcn.com.br\/jcn\/wp-json\/wp\/v2\/types\/page"}],"author":[{"embeddable":true,"href":"https:\/\/www.grupojcn.com.br\/jcn\/wp-json\/wp\/v2\/users\/2"}],"replies":[{"embeddable":true,"href":"https:\/\/www.grupojcn.com.br\/jcn\/wp-json\/wp\/v2\/comments?post=39"}],"version-history":[{"count":8,"href":"https:\/\/www.grupojcn.com.br\/jcn\/wp-json\/wp\/v2\/pages\/39\/revisions"}],"predecessor-version":[{"id":131,"href":"https:\/\/www.grupojcn.com.br\/jcn\/wp-json\/wp\/v2\/pages\/39\/revisions\/131"}],"wp:attachment":[{"href":"https:\/\/www.grupojcn.com.br\/jcn\/wp-json\/wp\/v2\/media?parent=39"}],"curies":[{"name":"wp","href":"https:\/\/api.w.org\/{rel}","templated":true}]}}